{"id":2,"date":"2020-06-14T19:15:40","date_gmt":"2020-06-14T17:15:40","guid":{"rendered":"https:\/\/agdebate.die-linke.cloud\/?page_id=2"},"modified":"2020-06-18T18:10:58","modified_gmt":"2020-06-18T16:10:58","slug":"beispiel-seite","status":"publish","type":"page","link":"https:\/\/agdebate.die-linke.cloud\/","title":{"rendered":"Startseite"},"content":{"rendered":"\n<p>Wir sind die \u201eAG debate\u201c \u2013 eine Arbeitsgemeinschaft der Partei DIE LINKE. Leipzig.<\/p>\n\n\n\n<p>Der Begriff \u201edebate\u201c stammt aus dem Jiddischen und bedeutet \u201eAuseinandersetzung\u201c; und stellt sogleich unsere Forderung dar: mehr Auseinandersetzung. Vor Allem eine Auseinandersetzung mit Antisemitismus &#8211; seinen Elementen, seiner Genese, seinen Ausdrucksformen und wie man dagegen vorgehen kann. Wir wollen recherchieren, analysieren, aufkl\u00e4ren und kritisieren, im Sinne des kategorischen Imperativs: \u201eAlles Denken und Handeln so einzurichten, dass Auschwitz nicht sich wiederhole, nichts \u00c4hnliches geschehe.\u201c<br>Wir sehen Antisemitismus nicht als Problem einzelner Gruppierungen oder Personen, sondern als grundlegendes Element der bestehenden Verh\u00e4ltnisse. Seine Ideologie zieht sich durch s\u00e4mtliche Bereiche der Gesellschaft und muss daher in seiner Struktur analysiert werden. Wir berufen uns dabei auf die Arbeitsdefinition der \u201eInternational Holocaust Remembrance Alliance\u201c, welche auch den Strukturellen Antisemitismus, den so genannten Sekund\u00e4ren Antisemitismus sowie den israelbezogenen Antisemitismus mit einbezieht.<\/p>\n\n\n\n<p>Mit Bezug auf diese Definition positionieren wir uns gegen JEDEN Antisemitismus \u2013 unabh\u00e4ngig davon, von wem und wie dieser ge\u00e4u\u00dfert wird.<\/p>\n\n\n\n<p>In diesem Sinne:<br>\u05d0\u05e4\u05d9\u05dc\u05d5 \u05de\u05e2\u05e8 \u05d0\u05b7\u05d6\u05d5\u05d9<br>afilu mer azoy<br>jetzt erst recht\u2026!<\/p>\n\n\n\n<figure class=\"wp-block-image size-large\"><img decoding=\"async\" loading=\"lazy\" width=\"1024\" height=\"373\" src=\"https:\/\/agdebate.die-linke.cloud\/wp-content\/uploads\/2020\/06\/60197199_291100871838122_7632220532112359424_o-1024x373.png\" alt=\"\" class=\"wp-image-71\" srcset=\"https:\/\/agdebate.die-linke.cloud\/wp-content\/uploads\/2020\/06\/60197199_291100871838122_7632220532112359424_o-1024x373.png 1024w, https:\/\/agdebate.die-linke.cloud\/wp-content\/uploads\/2020\/06\/60197199_291100871838122_7632220532112359424_o-300x109.png 300w, https:\/\/agdebate.die-linke.cloud\/wp-content\/uploads\/2020\/06\/60197199_291100871838122_7632220532112359424_o-768x280.png 768w, https:\/\/agdebate.die-linke.cloud\/wp-content\/uploads\/2020\/06\/60197199_291100871838122_7632220532112359424_o-1536x559.png 1536w, https:\/\/agdebate.die-linke.cloud\/wp-content\/uploads\/2020\/06\/60197199_291100871838122_7632220532112359424_o-2048x746.png 2048w, https:\/\/agdebate.die-linke.cloud\/wp-content\/uploads\/2020\/06\/60197199_291100871838122_7632220532112359424_o-800x291.png 800w\" sizes=\"(max-width: 1024px) 100vw, 1024px\" \/><\/figure>\n","protected":false},"excerpt":{"rendered":"<p>Wir sind die \u201eAG debate\u201c \u2013 eine Arbeitsgemeinschaft der Partei DIE LINKE. Leipzig. Der Begriff \u201edebate\u201c stammt aus dem Jiddischen und bedeutet \u201eAuseinandersetzung\u201c; und stellt sogleich unsere Forderung dar: mehr Auseinandersetzung. Vor Allem eine Auseinandersetzung mit Antisemitismus &#8211; seinen Elementen, seiner Genese, seinen Ausdrucksformen und wie man dagegen vorgehen kann. Wir wollen recherchieren, analysieren, aufkl\u00e4ren und kritisieren, im Sinne des kategorischen Imperativs: \u201eAlles Denken und Handeln so einzurichten, dass Auschwitz nicht sich wiederhole, nichts \u00c4hnliches geschehe.\u201cWir sehen Antisemitismus nicht als Problem einzelner Gruppierungen oder Personen, sondern als grundlegendes Element der bestehenden Verh\u00e4ltnisse. Seine Ideologie zieht sich durch s\u00e4mtliche Bereiche der Gesellschaft und muss<\/p>\n<p><a class=\"more-link\" href=\"https:\/\/agdebate.die-linke.cloud\/\">Weiterlesen<\/a><\/p>\n","protected":false},"author":1,"featured_media":0,"parent":0,"menu_order":0,"comment_status":"closed","ping_status":"open","template":"","meta":[],"_links":{"self":[{"href":"https:\/\/agdebate.die-linke.cloud\/index.php?rest_route=\/wp\/v2\/pages\/2"}],"collection":[{"href":"https:\/\/agdebate.die-linke.cloud\/index.php?rest_route=\/wp\/v2\/pages"}],"about":[{"href":"https:\/\/agdebate.die-linke.cloud\/index.php?rest_route=\/wp\/v2\/types\/page"}],"author":[{"embeddable":true,"href":"https:\/\/agdebate.die-linke.cloud\/index.php?rest_route=\/wp\/v2\/users\/1"}],"replies":[{"embeddable":true,"href":"https:\/\/agdebate.die-linke.cloud\/index.php?rest_route=%2Fwp%2Fv2%2Fcomments&post=2"}],"version-history":[{"count":4,"href":"https:\/\/agdebate.die-linke.cloud\/index.php?rest_route=\/wp\/v2\/pages\/2\/revisions"}],"predecessor-version":[{"id":72,"href":"https:\/\/agdebate.die-linke.cloud\/index.php?rest_route=\/wp\/v2\/pages\/2\/revisions\/72"}],"wp:attachment":[{"href":"https:\/\/agdebate.die-linke.cloud\/index.php?rest_route=%2Fwp%2Fv2%2Fmedia&parent=2"}],"curies":[{"name":"wp","href":"https:\/\/api.w.org\/{rel}","templated":true}]}}